{"id":12570,"date":"2020-06-27T19:06:30","date_gmt":"2020-06-27T18:06:30","guid":{"rendered":"http:\/\/biuletyn.synchrotron.org.pl\/?page_id=12570"},"modified":"2020-10-13T19:17:04","modified_gmt":"2020-10-13T18:17:04","slug":"volume-19-may-2020","status":"publish","type":"page","link":"https:\/\/biuletyn.synchrotron.org.pl\/?page_id=12570","title":{"rendered":"Volume 19, May 2020"},"content":{"rendered":"\t\t<div data-elementor-type=\"wp-page\" data-elementor-id=\"12570\" class=\"elementor elementor-12570\" data-elementor-settings=\"[]\">\n\t\t\t<div class=\"elementor-inner\">\n\t\t\t\t<div class=\"elementor-section-wrap\">\n\t\t\t\t\t\t\t<section class=\"elementor-element elementor-element-6b705fee elementor-section-boxed elementor-section-height-default elementor-section-height-default elementor-section elementor-top-section\" data-id=\"6b705fee\" data-element_type=\"section\">\n\t\t\t\t\t\t<div class=\"elementor-container elementor-column-gap-default\">\n\t\t\t\t<div class=\"elementor-row\">\n\t\t\t\t<div class=\"elementor-element elementor-element-5a502b24 elementor-column elementor-col-100 elementor-top-column\" data-id=\"5a502b24\" data-element_type=\"column\">\n\t\t\t<div class=\"elementor-column-wrap  elementor-element-populated\">\n\t\t\t\t\t<div class=\"elementor-widget-wrap\">\n\t\t\t\t<div class=\"elementor-element elementor-element-78307f0f elementor-widget elementor-widget-text-editor\" data-id=\"78307f0f\" data-element_type=\"widget\" data-widget_type=\"text-editor.default\">\n\t\t\t\t<div class=\"elementor-widget-container\">\n\t\t\t\t\t<div class=\"elementor-text-editor elementor-clearfix\"><table style=\"height: 798px;\" width=\"1019\"><tbody><tr><td width=\"176\">Author<\/td><td width=\"304\">Tittle<\/td><td width=\"36\">\u00a0<\/td><td width=\"103\">Page number<\/td><\/tr><tr><td style=\"text-align: center;\" colspan=\"4\" width=\"619\"><strong>Scientific Reports<\/strong><\/td><\/tr><tr><td width=\"176\">M. Zaj\u0105c, T. Giela, K. Freindl, J. Korecki, E. Madej, M. Sikora, N. Spiridis, M. Stankiewicz, J. St\u0119pie\u0144, J. Szade, M. \u015al\u0119zak, T. \u015al\u0119zak, D. Wilgocka-\u015al\u0119zak<\/td><td width=\"304\"><a href=\"https:\/\/biuletyn.synchrotron.org.pl\/wp-content\/uploads\/2020\/10\/bull_2020_19_001_Zajac.pdf\">The soft X-rays spectroscopy beamline at the National Synchrotron Radiation Centre Solaris<\/a><\/td><td width=\"36\">\u00a0<\/td><td style=\"text-align: center;\" width=\"103\">1<\/td><\/tr><tr><td width=\"176\"><p>W. B\u0142achucki, A. Wach, J. Czapla-Masztafiak, W. Kwiatek, J. Szlachetko<\/p><\/td><td width=\"304\"><a href=\"https:\/\/biuletyn.synchrotron.org.pl\/wp-content\/uploads\/2020\/10\/bull_2020_19_005_Blachucki.pdf\">Laboratory for high energy resolution X-ray spectroscopy at the Institute of Nuclear Physics of the Polish Academy of Sciences<\/a><\/td><td width=\"36\">\u00a0<\/td><td style=\"text-align: center;\" width=\"103\">5<\/td><\/tr><tr><td style=\"text-align: center;\" colspan=\"4\" width=\"619\"><strong>Scientific Highlights<\/strong><\/td><\/tr><tr><td width=\"176\">\u00a0<\/td><td width=\"304\"><a href=\"https:\/\/biuletyn.synchrotron.org.pl\/wp-content\/uploads\/2020\/10\/SRiNS_vol19_2020.pdf#page=10\">Super laser delivered to European XFEL<\/a><\/td><td width=\"36\">\u00a0<\/td><td style=\"text-align: center;\" width=\"103\">8<\/td><\/tr><tr><td width=\"176\">\u00a0<\/td><td width=\"304\"><a href=\"https:\/\/biuletyn.synchrotron.org.pl\/wp-content\/uploads\/2020\/10\/SRiNS_vol19_2020.pdf#page=11\">Athos is making great strides<\/a><\/td><td width=\"36\">\u00a0<\/td><td style=\"text-align: center;\" width=\"103\">9<\/td><\/tr><tr><td width=\"176\">\u00a0<\/td><td width=\"304\"><a href=\"https:\/\/biuletyn.synchrotron.org.pl\/wp-content\/uploads\/2020\/10\/SRiNS_vol19_2020.pdf#page=12\">Coronavirus SARS-CoV2: BESSY II data accelerate drug development<\/a><\/td><td width=\"36\">\u00a0<\/td><td style=\"text-align: center;\" width=\"103\">10<\/td><\/tr><tr><td width=\"176\">\u00a0<\/td><td width=\"304\"><a href=\"https:\/\/biuletyn.synchrotron.org.pl\/wp-content\/uploads\/2020\/10\/SRiNS_vol19_2020.pdf#page=13\">X-rays show birth of semiconductor for blue LEDs<\/a><\/td><td width=\"36\">\u00a0<\/td><td style=\"text-align: center;\" width=\"103\">11<\/td><\/tr><tr><td style=\"text-align: center;\" colspan=\"4\" width=\"619\"><strong>Solaris<\/strong><\/td><\/tr><tr><td width=\"176\">\u00a0<\/td><td width=\"304\"><a href=\"https:\/\/biuletyn.synchrotron.org.pl\/wp-content\/uploads\/2020\/10\/SRiNS_vol19_2020.pdf#page=14\">News from Solaris<\/a><\/td><td width=\"36\">\u00a0<\/td><td style=\"text-align: center;\" width=\"103\">12<\/td><\/tr><tr><td width=\"176\">\u00a0<\/td><td width=\"304\"><a href=\"https:\/\/biuletyn.synchrotron.org.pl\/wp-content\/uploads\/2020\/10\/SRiNS_vol19_2020.pdf#page=16\">Call for proposals<\/a><\/td><td width=\"36\">\u00a0<\/td><td style=\"text-align: center;\" width=\"103\">14<\/td><\/tr><\/tbody><\/table><\/div>\n\t\t\t\t<\/div>\n\t\t\t\t<\/div>\n\t\t\t\t\t\t<\/div>\n\t\t\t<\/div>\n\t\t<\/div>\n\t\t\t\t\t\t<\/div>\n\t\t\t<\/div>\n\t\t<\/section>\n\t\t\t\t\t\t<\/div>\n\t\t\t<\/div>\n\t\t<\/div>\n\t\t","protected":false},"excerpt":{"rendered":"<p>Author Tittle \u00a0 Page number Scientific Reports M. Zaj\u0105c, T. Giela, K. Freindl, J. Korecki, E. Madej, M. Sikora, N. Spiridis, M. Stankiewicz, J. St\u0119pie\u0144, J. Szade, M. \u015al\u0119zak, T. \u015al\u0119zak, D. Wilgocka-\u015al\u0119zak The soft X-rays spectroscopy beamline at the National Synchrotron Radiation Centre Solaris \u00a0 1 W. B\u0142achucki, A.&hellip;<\/p>\n<p> <a class=\"more-link\" href=\"https:\/\/biuletyn.synchrotron.org.pl\/?page_id=12570\">Read more<\/a><\/p>\n","protected":false},"author":1,"featured_media":0,"parent":0,"menu_order":0,"comment_status":"closed","ping_status":"closed","template":"","meta":[],"_links":{"self":[{"href":"https:\/\/biuletyn.synchrotron.org.pl\/index.php?rest_route=\/wp\/v2\/pages\/12570"}],"collection":[{"href":"https:\/\/biuletyn.synchrotron.org.pl\/index.php?rest_route=\/wp\/v2\/pages"}],"about":[{"href":"https:\/\/biuletyn.synchrotron.org.pl\/index.php?rest_route=\/wp\/v2\/types\/page"}],"author":[{"embeddable":true,"href":"https:\/\/biuletyn.synchrotron.org.pl\/index.php?rest_route=\/wp\/v2\/users\/1"}],"replies":[{"embeddable":true,"href":"https:\/\/biuletyn.synchrotron.org.pl\/index.php?rest_route=%2Fwp%2Fv2%2Fcomments&post=12570"}],"version-history":[{"count":12,"href":"https:\/\/biuletyn.synchrotron.org.pl\/index.php?rest_route=\/wp\/v2\/pages\/12570\/revisions"}],"predecessor-version":[{"id":12673,"href":"https:\/\/biuletyn.synchrotron.org.pl\/index.php?rest_route=\/wp\/v2\/pages\/12570\/revisions\/12673"}],"wp:attachment":[{"href":"https:\/\/biuletyn.synchrotron.org.pl\/index.php?rest_route=%2Fwp%2Fv2%2Fmedia&parent=12570"}],"curies":[{"name":"wp","href":"https:\/\/api.w.org\/{rel}","templated":true}]}}